he prime factors of ((-2)/4)/(m/(-88))?
11
Let k(b) = -b**2 - 11*b + 6. List the prime factors of k(-10).
2
Suppose 0 = 2*o + o + 27. Let y(t) = -t - 10. Let i be y(o). Let h(a) = 8*a**2 + 2*a + 1. List the prime factors of h(i).
7
Suppose 81 = -5*p + 3*a + 303, -4*a + 68 = 2*p. Let g = p + -16. List the prime factors of g.
2, 13
Let r(f) = -1 + 4 + f - 1 + f**2. What are the prime factors of r(-6)?
2
Let b(x) = 12*x - 1. Let c be b(-2). Let m = c + 62. Suppose t - o + 2*o = 5, -2*o + m = 5*t. What are the prime factors of t?
3
Suppose -13*s + 6*s = -140. What are the prime factors of s?
2, 5
Suppose -4*a + 5*h + 24 = 0, 2*h = 4*h. Suppose 0 = -a*s + s + 25. What are the prime factors of s?
5
Suppose -4 = 5*j + 6. Let o(k) = 2 - 1 + k - k**2 + 1 - 2*k**3. What are the prime factors of o(j)?
2, 3
Suppose 5 = 2*i - 3, -80 = -4*j - 2*i. What are the prime factors of 6/14 + j/7?
3
Let t(p) = p**2 + 11*p + 13. Let a(q) = -q**3 - 5*q**2 + 9*q + 8. Let w be a(-6). What are the prime factors of t(w)?
3
Suppose -4*z + 4*j + 48 = 0, -8 - 15 = -4*z - j. List the prime factors of z.
7
Let c(a) = 8*a**3 + a**2 - a. Suppose -8 + 4 = -4*s. What are the prime factors of c(s)?
2
Let h = 20 - 17. Suppose 60 = 3*q + h*b, q - b + 42 = 3*q. List the prime factors of q.
2, 11
Suppose -4*l + 7 = -5*l. Let b = 7 - l. List the prime factors of b.
2, 7
Let r = 23 - 12. Suppose t = r + 11. Suppose -t = -5*d - 2. What are the prime factors of d?
2
Suppose 5*x = 9*x - 220. List the prime factors of x.
5, 11
Suppose -2*q + 26 = -z, 4*z - 3*q - 42 + 136 = 0. Let y(m) = 11*m**3 + 4*m**2 - 6*m - 3. Let j be y(3). What are the prime factors of (-4)/22 - j/z?
2, 7
Let z(y) be the second derivative of -y**3/6 - 3*y**2/2 - 4*y. Let i be z(0). What are the prime factors of 6 + i + (-3)/(-3)?
2
Suppose 2*x + 13 = 1. Let s = -4 - x. Suppose 3*v - 2*d = 4, 0 = s*v - d - 4*d + 1. What are the prime factors of v?
2
Let a(u) = 3*u + 16. What are the prime factors of a(21)?
79
Let l = -13 - -25. Suppose 5*i + 17 = 4*m - l, -3*i = 2*m - 9. List the prime factors of m.
2, 3
Let p = -6572 - -11057. What are the prime factors of p/105 + 4/14?
43
Let f = 11 + -8. Suppose -3 = f*z - 12. Suppose z*v + u = 3*u + 10, -26 = -3*v - 2*u. What are the prime factors of v?
2, 3
Let f = 18 - 14. Suppose f*k + 33 = 165. List the prime factors of k.
3, 11
Suppose -5*m + 2*m = -3*d + 9, 0 = -5*d - 5. What are the prime factors of -8*1/(m/3)?
2, 3
Suppose 3*h - 2*u = -3*u + 43, -4*u + 16 = 0. Suppose 2*v - 12 = -0*v + m, 3*v - h = -m. What are the prime factors of v?
5
List the prime factors of 2/(-1 - 2 - 1115/(-370)).
2, 37
Suppose 0 = n + 4*n - 5. Suppose 28 = 5*y - 4*g + n, -2*g = -2*y + 12. List the prime factors of y.
3
Let f be (2 + 1)*15/9. Suppose 45 = -f*d - 185. Let x = -32 - d. List the prime factors of x.
2, 7
Let n(k) = k**2 + 4*k + 1. List the prime factors of n(-5).
2, 3
Let k = -11 + 29. What are the prime factors of (-1000)/(-45) - 4/k?
2, 11
Let g = 8 + 57. What are the prime factors of g?
5, 13
Let a(c) be the third derivative of -11*c**4/12 + c**3/6 + c**2. List the prime factors of a(-1).
23
Let i = -10 + 14. Suppose -3*w - 4*v + 29 = 0, 2*w + 0*w - 26 = -i*v. List the prime factors of 1/w + (-51)/(-9).
2, 3
Let j(i) = i**2 + 3*i + 3. Let x be j(-4). Suppose f = 2*f. Let z = f + x. What are the prime factors of z?
7
Let b(g) = -g**3 + 10*g**2 + g - 3. Let f(a) = -a**2 - 7*a + 10. Let v be f(-7). List the prime factors of b(v).
7
Let a(x) = -64*x - 11. What are the prime factors of a(-5)?
3, 103
Let y(c) = 15*c - 2. Let z be y(-2). List the prime factors of (3/(-6))/(1/z).
2
Suppose -12*v = -8*v - 184. List the prime factors of v.
2, 23
Suppose 2 = o - 4. Let z(l) = -l**3 + 7*l**2 - 2*l - 2. What are the prime factors of z(o)?
2, 11
Let i(g) = 2*g + 1. Let l(f) = -f**2 + 8*f - 7. Let j be l(5). What are the prime factors of i(j)?
17
Let t(l) be the third derivative of l**5/60 + l**4/3 + l**3/3 - 4*l**2. List the prime factors of t(-9).
11
Suppose 0 = 5*s - 12 - 13. Let x = s - -2. What are the prime factors of x?
7
Let o(i) = -3*i - 14. Let g be o(-12). Suppose n - g = -n. What are the prime factors of n?
11
Suppose 3*b = -3*s - 2*s + 266, -4*b + 2*s + 398 = 0. What are the prime factors of b?
97
Let f(s) = 14*s**2 - s - 4. What are the prime factors of f(-3)?
5
Let m(r) be the first derivative of 7*r**3/3 + 2. Suppose -j = -1 - 0. What are the prime factors of m(j)?
7
Let s(a) = -10*a. Let m = -17 + 11. Let x be s(m). Let p = -42 + x. List the prime factors of p.
2, 3
Let s be (-12)/10*(-10)/3. Suppose 2*z + 2 + s = 0. Let g = z + 9. List the prime factors of g.
2, 3
Suppose -2*h - n = 2*h - 3, -3*h = -3*n - 21. Let f = 0 + 22. Suppose 4*g = x - 9, 5*x + g - f = -h*g. What are the prime factors of x?
5
Suppose 4 + 5 = m. List the prime factors of m.
3
Suppose -5*f = -10*f. List the prime factors of 0/2 + f + 17.
17
Suppose 6 = 2*y - 2*n, -3*y + 2*y - 5*n = -15. Suppose v - y*s - 1 - 1 = 0, -s = 3*v - 22. What are the prime factors of (-7)/v*9/(-1)?
3
Let b(p) = -p**3 - 6*p**2 - 2*p - 9. Let o be ((-54)/(-15))/((-2)/(-5)). Suppose o + 15 = -5*q + 2*c, -c = 2*q + 15. What are the prime factors of b(q)?
3
Let o = -9 - -25. List the prime factors of (-89)/(-3) - o/24.
29
Suppose 2*j + 56 = 6*j. List the prime factors of j.
2, 7
Suppose p - 5*w - 20 = -p, 0 = p - 3*w - 10. Suppose 3*d + 0*d + 5*s - 2 = 0, 0 = 3*s - 12. Let g = p + d. What are the prime factors of g?
2
Suppose 2*y - 3*b - 130 = 0, 0*y = -4*y - 3*b + 260. Let r = -46 + y. List the prime factors of r.
19
Suppose 0 = -5*d + 2*d + 6. Suppose 5*h + 2*o = -54, -d*o + 6 = -6*h + 5*h. Let r = 0 - h. List the prime factors of r.
2, 5
Suppose -5*i - i - 12 = 0. List the prime factors of (i - -5) + (-2 - -8).
3
List the prime factors of 33 - 2 - (-1)/1.
2
Let w be (1 + 0/(-2))*12. Suppose r - 5*u - 40 = -2*r, 0 = r - u - w. What are the prime factors of r?
2, 5
Let c = -10 + 5. Let i(x) = x**2 + 4*x + 2. List the prime factors of i(c).
7
Let s(g) = -g**3 + 3*g**2 + 3*g - 1. Let p be s(3). Suppose 5*u + 8 = -4*f, 5*f = p*u - 3*u + 35. Suppose 2*w - 1 = f. What are the prime factors of w?
2
Suppose -3*p + 120 = -0*p. Suppose 5*n - p = n. What are the prime factors of n?
2, 5
Let g = -21 - -47. Suppose -4 = -4*n, c + 0*n - 2*n = g. List the prime factors of c.
2, 7
Suppose 4*v = v + 12. Suppose -v*l + 24 = -l. List the prime factors of ((-88)/(-6))/(l/12).
2, 11
Let l = -3 - -6. Let f = 2 + l. List the prime factors of f.
5
Suppose 9*i = 80 + 1081. List the prime factors of i.
3, 43
Let x be (-1)/(-1 - (-8)/10). Suppose 4*a = r - 8, -3*r = -x*r - 8. Let o = 8 + a. What are the prime factors of o?
5
Let k(v) = -v**2 + 5*v + 8. Let z be k(7). Suppose 0 = 5*r + m + 31, 4*r + m + 23 = 2*m. List the prime factors of (4/r)/(z/81).
3
Suppose -4 = -v - 1, v - 3 = r. Suppose r = -0*j + 2*j - 34. List the prime factors of j.
17
Suppose 0 = 2*f - 4*z - 3 - 19, -2*z + 7 = f. List the prime factors of f.
3
Suppose -2*g = d + 8 + 6, 3*g + 3 = 3*d. Let z be 14/(-10) + (-2)/g. Let x(c) = -14*c**3 - c. List the prime factors of x(z).
3, 5
Let l be -2 + -1 + 2*1. Let v be (l*2)/((-3)/(-6)). List the prime factors of -4 + 4 - v*1.
2
Let a(z) = -z**3 - 15*z**2 + 13*z - 10. List the prime factors of a(-16).
2, 19
Let r be 6*-4*6/(-4). Suppose 4*x - 2*g + 0*g = 72, -4*g = -2*x + r. What are the prime factors of x?
2, 3
Let l = -4 - 0. What are the prime factors of ((-12)/(-10))/(l/(-30))?
3
Let c(u) = -u - 1. Let n(a) = -3*a**2 - a - 1. Let q(d) = 3*c(d) - n(d). List the prime factors of q(3).
19
List the prime factors of (-361)/(-4) - (-5)/(-20).
2, 3, 5
Suppose 4*g - g = 5*i + 145, g = 2*i + 57. Let o = -6 - i. What are the prime factors of o?
2, 5
Let i = -22 - -50. List the prime factors of i.
2, 7
What are the prime factors of ((-2)/(-4)*11)/((-1)/(-8))?
2, 11
Suppose -4*h + 1146 = 5*s, 3*s = 3*h + 817 - 124. What are the prime factors of s?
2, 5, 23
Let a = 286 + -151. What are the prime factors of a?
3, 5
List the prime factors of ((-6)/(-4))/((-3)/(-164)).
2, 41
Let r = -69 - -102. Suppose -u - 2*u + r = 0. List the prime factors of u.
11
Suppose 0 = -5*o - z + 272, 120 = 3*o - 5*z - 32. What are the prime factors of o?
2, 3
Let t = 239 + -49. Lis